Suppose 0 = -4*q + 115 + 45. What is the tens digit of q?
4
Let c(a) = 2*a**2 - 6*a + 6. Let v be c(5). Suppose -5*r - 6 = -v. Suppose 0*f + r*n = -4*f, -3*n = -3*f + 18. What is the units digit of f?
3
Let v be -1 - 2/((-2)/5). Suppose -2*w - 5*q = 1, 2*w + 15 = -2*w + 3*q. Let p = v - w. What is the units digit of p?
7
Let w(f) = 28*f**2 - f + 3. What is the hundreds digit of w(-3)?
2
Suppose -5*b + 2*q - 3*q = -48, 0 = 2*b + 5*q - 10. What is the tens digit of 2/b + 282/15?
1
What is the units digit of (9/4)/((-5)/(-20))?
9
Suppose -68 + 296 = 2*o - 2*g, 0 = 5*g + 5. What is the tens digit of o?
1
Let n = 4 - 26. Let h = 39 + n. Suppose 5*o + 3*i - 59 = -h, 5*i = 20. What is the units digit of o?
6
Let g = -3 - -3. Suppose 3*l + g*l = 27. What is the units digit of l?
9
Let o = -26 + 35. What is the units digit of o?
9
Let n(k) = -k**3 + 3*k**2. Let p be n(2). Let w = p + 1. Suppose w*z + 5 - 10 = 0, z - 16 = -5*j. What is the units digit of j?
3
Let r(s) = s**3 - 3*s**2 - 5*s - 11. What is the units digit of r(5)?
4
Suppose 2*j - 2*v + 5*v = 5, -3*j - 5 = 2*v. Let w(d) = 2*d**2 + 8*d + 6. What is the tens digit of w(j)?
1
Suppose -5*x = 5*f - 10, 2*x - 6 = -5*f + f. Let c be (-2 + -2)*(f - 2). Let i = 12 - c. What is the units digit of i?
8
Let m(c) = 4*c**2 + 0*c + 7 - 3 - 2*c. What is the units digit of m(2)?
6
Suppose 128 = -7*g + 11*g. What is the units digit of g?
2
Let u be (1 - 0) + 6/1. Let z(x) = x**2 - 6*x - 2. Let s be z(u). Suppose -2*v - 21 = -s*v. What is the units digit of v?
7
Let m(w) = -w + 1. Suppose -3*v = -0*v + 6. Let q be m(v). Suppose -q*p + 6*p = 15. What is the units digit of p?
5
Let t(c) = 4*c - 2*c - 2 - 5 - 4. What is the units digit of t(9)?
7
Suppose 0 = 3*a - 8 - 22. Let s = a - -1. What is the units digit of s?
1
Suppose -47 + 179 = 4*a. Let d be 15 + ((-6)/(-1))/3. Let o = a - d. What is the units digit of o?
6
What is the hundreds digit of (-3111)/(-15) - 6/15?
2
Let j(n) = -n**3 + 11*n**2 + n - 12. Let r be j(11). What is the tens digit of (16/6)/(r/(-12))?
3
Let v = 504 + -206. What is the tens digit of v?
9
Let u(z) = 4*z - 4. Let r(j) = -4*j + 3. Let y(g) = 5*r(g) + 4*u(g). What is the tens digit of y(-3)?
1
What is the tens digit of -7 + 3 + 2 + 56?
5
Let r(t) = 2*t**3 - 6*t**2 - 4*t + 19. What is the units digit of r(6)?
1
Suppose 3*u = 2*i - 187, 3*i - 74 = -3*u + 169. Let b(y) = -y. Let g be b(-2). Suppose -i = -4*l - g*k, 0*l + 3*k = -5*l + 108. What is the units digit of l?
1
Suppose 134 = 5*t - 276. Suppose t = 4*w - 18. What is the tens digit of w?
2
Let k(r) = r**3 - 5*r**2 + 4*r - 12. What is the units digit of k(6)?
8
Let b = -18 - -20. What is the units digit of (2/(-3))/(b/(-48))?
6
Suppose -3*h + 40 = -5*h. Let q be (-14 + 13)*(14 + -1). Let f = q - h. What is the units digit of f?
7
Let c be 1*0/(0 + 2). Suppose c*o = 2*o + 2*n - 16, 0 = -2*o + 3*n - 4. Suppose o*t - 40 = -0*t. What is the tens digit of t?
1
Let m = 71 + 0. What is the units digit of m?
1
Let t(h) = h**3 - 2*h. Let d be t(2). Suppose 3*y + 3*a = 45, 0*y = -d*y - 3*a + 55. Let i = y - -1. What is the tens digit of i?
1
Let m(s) = -s + 1. Let n be m(-3). Let q(h) = n - 4 - 3 - 4*h + 13*h. What is the tens digit of q(2)?
1
Suppose 0 = -2*o + 4*l - 17 - 5, 5 = 5*o + 2*l. Let y(i) = -2*i**3 + i**2 + i. Let b be y(o). What is the units digit of -10*(b - 1)/(-1)?
0
Let b(q) = q**3 - 7*q**2 - 7*q - 3. Let t be b(8). Suppose t*j + w = 73, -3*j - w + 43 = -0*w. Let g = j - 11. What is the units digit of g?
4
Let x(u) = -17*u**3 + 0*u**2 + 2*u**2 - 5*u**3 - 1 - u**3. What is the tens digit of x(-1)?
2
Let w = -46 + 72. Suppose -1 + w = 5*a. What is the units digit of a?
5
Let n(s) = 25*s**3 - s**2 - s + 2. What is the tens digit of n(1)?
2
What is the tens digit of 3 + (-75)/21 + 2070/21?
9
What is the hundreds digit of 0 + 989/7 + 148/(-518)?
1
What is the tens digit of (1152/(-112))/((6/28)/(-1))?
4
Suppose -179 + 1219 = 4*r. What is the tens digit of r?
6
Let v be 2/4 - 28/(-8). Suppose 3*j = -4*a - v, 0 = -2*j - 0*j - 2*a. Suppose -3*s - 2*s - 2*n = -50, 2*s = j*n - 4. What is the units digit of s?
8
What is the units digit of 4/14 - 5070/(-91)?
6
Let i be 2/3 - (-30)/9. Let n(j) = 5 - i - 3*j + 2*j. What is the units digit of n(-7)?
8
Let k(s) = -s**3 + 2*s**2 + 4. Let y be k(3). Let i = y + 6. What is the units digit of i?
1
Suppose 0 = -4*c - c + 70. What is the units digit of c?
4
Let f = -86 + 152. What is the units digit of f?
6
Let p(y) = 2*y**2 + 2*y + 2. Suppose 4*r = -r - 10. What is the units digit of p(r)?
6
Suppose -3*k - k - 30 = -2*t, 4*t + 3*k = 115. What is the units digit of t?
5
What is the units digit of ((-129)/6)/(3/(-6))?
3
Let g = 11 + -21. What is the units digit of (-4)/((-12)/(-9)) - g?
7
Suppose -4*o = d + 3 + 2, -4*d + 3*o = 77. Let a = 17 - d. Suppose g = -5*j - 21 + 121, j + 3*g - a = 0. What is the units digit of j?
9
Let f be -4 + 6 + 0 + 4. Let x = -21 + 24. What is the tens digit of (-4)/f + 53/x?
1
What is the units digit of -1 - -2 - (7 + -9)?
3
Let s be (-20)/(-6) - (-1)/(-3). What is the units digit of 15/s*32/10?
6
Let u(d) = -d**3 - 4*d**2 - d + 1. Let i be u(-3). Let n(g) = g + 1. Let h be n(i). What is the units digit of h/3*(-9)/2?
6
Let r(j) = j**2 - 3*j + 7. What is the units digit of r(3)?
7
Suppose 0 = -4*b + 5 - 1, -109 = -l + 2*b. What is the units digit of l?
1
Let t = -18 - -130. Suppose 0*u + t = -4*u. Let q = u + 39. What is the units digit of q?
1
Let w(i) = -11*i. What is the tens digit of w(-4)?
4
Let n(w) = w**3 - 6*w**2 + 5*w - 4. Let s = 7 - 1. What is the tens digit of n(s)?
2
Suppose 0 = -j + 6. Let h = 10 - j. What is the units digit of h?
4
Suppose k - 3*k = 0, -5*u + 55 = 4*k. What is the tens digit of u?
1
Let g be (2 - (2 - -1)) + -8. Let i = g - -18. Let j = i + -6. What is the units digit of j?
3
Suppose -2*q - 2*x + 7*x + 376 = 0, 4*q - 4*x - 740 = 0. What is the hundreds digit of q?
1
Let o = -10 + 18. Suppose -2*z = -0*r + 2*r + 8, -3*r - o = -z. Let n = z + 11. What is the units digit of n?
0
Let u = 10 + -3. Let x be (u - 2 - 1)/2. Suppose -2*l + 0*l = h, -l = h - x. What is the units digit of h?
4
Let y be (-1)/1 - -72 - -1. What is the tens digit of ((-10)/15)/((-2)/y)?
2
Suppose -2*o = -10 - 8. Let h = -9 + o. What is the units digit of -2 - (4 + h)/(-1)?
2
Let o = -141 + 278. Suppose -43 = -5*c + o. What is the tens digit of c?
3
Suppose 0 = -4*b + 5*d + 376, d = 2*d. Let w be b/4 - 1/2. Suppose -2*n + 0 = -3*f - 5, -3*f + w = 2*n. What is the units digit of n?
7
Let h(s) = -3*s + 1. Let m be h(-1). Suppose -m*t + 3*t = -4*o + 66, -o - 2*t = -21. What is the tens digit of o?
1
Let f = -26 - -76. What is the tens digit of f?
5
Let m = 18 + -9. Suppose 0*z - 3*z - m = 0. What is the tens digit of -3*(-4 - 2) + z?
1
What is the tens digit of 5 + -3 + (156 - 2)?
5
Suppose 0*w - 7 = -w. Let k = w + 16. What is the units digit of k?
3
Let t = -6 - -39. What is the units digit of t?
3
Let l(m) = 0*m**2 + 0*m**2 - 10*m + 1 - 4*m**2 + 3*m**2. Let f be ((-6)/4)/(6/40). What is the units digit of l(f)?
1
Let v(u) = -u**3 - 11*u**2 + 7*u - 8. What is the tens digit of v(-12)?
5
Suppose 3*q - 403 = -5*h, -3*h = 3*q - 224 - 175. What is the hundreds digit of q?
1
Let x(b) = -b**3 + 11*b**2 - 3*b - 14. Let u(h) = h**2 - h. Let o(m) = 6*u(m) - x(m). What is the tens digit of o(6)?
3
Let c = -3 - -5. What is the units digit of c?
2
Suppose -c - 3*h + 2 = 0, -5*c + 1 + 9 = 3*h. Suppose 2*g = 2, -2*g + 6 = -c*j - 0*j. Let k = 7 - j. What is the units digit of k?
9
Suppose s = -s + 2. Let o be 0 - (-2 + s)*-15. Let w = 25 + o. What is the tens digit of w?
1
Let j(p) = -p**3 - 8*p**2 + 7*p - 11. Let n(h) = -h**3 + 10*h**2 - 10*h. Let v be n(9). Let g be j(v). Suppose -3 = 2*w - g. What is the units digit of w?
2
Let x(n) = 8*n**2 - n. Let o be x(-2). Suppose -4*d + 2*u - o = 0, -15 = -4*d - 4*u - 55. Let b = -1 - d. What is the units digit of b?
8
What is the units digit of (0 - 7)*792/(-28)?
8
Suppose 4*d + 5*g - 8 = 0, -d - 3*g = 2*g - 17. Let a = d - -17. What is the units digit of a?
4
Let v(x) = -x**3 + 7*x**2 - 7*x + 8. Let a(b) = b**2 - 6*b + 6. Let g be 2/(-11) - 272/(-44). Let q be a(g). What is the units digit of v(q)?
2
Let b be (-3)/(9/(-3)) + -1. Suppo